at are the prime factors of 72478?
2, 7, 31, 167
List the prime factors of 1471.
1471
What are the prime factors of 5965?
5, 1193
List the prime factors of 45520.
2, 5, 569
What are the prime factors of 7103?
7103
What are the prime factors of 33295?
5, 6659
What are the prime factors of 1972?
2, 17, 29
What are the prime factors of 30080?
2, 5, 47
List the prime factors of 825.
3, 5, 11
What are the prime factors of 29233?
23, 31, 41
List the prime factors of 177266.
2, 61, 1453
List the prime factors of 549.
3, 61
What are the prime factors of 96315?
3, 5, 6421
List the prime factors of 1734.
2, 3, 17
What are the prime factors of 1543?
1543
What are the prime factors of 9875?
5, 79
List the prime factors of 654.
2, 3, 109
List the prime factors of 1881.
3, 11, 19
List the prime factors of 5465.
5, 1093
List the prime factors of 1023.
3, 11, 31
What are the prime factors of 1773?
3, 197
What are the prime factors of 71728?
2, 4483
What are the prime factors of 3024?
2, 3, 7
What are the prime factors of 5537?
7, 113
List the prime factors of 2945.
5, 19, 31
List the prime factors of 31330.
2, 5, 13, 241
What are the prime factors of 1104?
2, 3, 23
List the prime factors of 1036.
2, 7, 37
What are the prime factors of 2210?
2, 5, 13, 17
List the prime factors of 9399.
3, 13, 241
What are the prime factors of 18518?
2, 47, 197
What are the prime factors of 1218?
2, 3, 7, 29
List the prime factors of 23832.
2, 3, 331
List the prime factors of 614.
2, 307
What are the prime factors of 6287?
6287
What are the prime factors of 2051?
7, 293
What are the prime factors of 1772?
2, 443
List the prime factors of 1960.
2, 5, 7
What are the prime factors of 3061?
3061
List the prime factors of 2659.
2659
List the prime factors of 1917.
3, 71
What are the prime factors of 23328?
2, 3
List the prime factors of 10329.
3, 11, 313
What are the prime factors of 6342?
2, 3, 7, 151
List the prime factors of 114541.
7, 16363
What are the prime factors of 8036?
2, 7, 41
List the prime factors of 2689.
2689
What are the prime factors of 7537?
7537
What are the prime factors of 1964?
2, 491
What are the prime factors of 8587?
31, 277
List the prime factors of 24284.
2, 13, 467
List the prime factors of 228.
2, 3, 19
What are the prime factors of 1235?
5, 13, 19
What are the prime factors of 654?
2, 3, 109
List the prime factors of 3162.
2, 3, 17, 31
What are the prime factors of 3098?
2, 1549
List the prime factors of 10363.
43, 241
List the prime factors of 1740.
2, 3, 5, 29
What are the prime factors of 1212?
2, 3, 101
What are the prime factors of 670?
2, 5, 67
List the prime factors of 5036.
2, 1259
What are the prime factors of 7255?
5, 1451
List the prime factors of 8060.
2, 5, 13, 31
List the prime factors of 15271.
15271
What are the prime factors of 63919?
41, 1559
What are the prime factors of 5916?
2, 3, 17, 29
List the prime factors of 2631.
3, 877
List the prime factors of 1331.
11
List the prime factors of 13128.
2, 3, 547
List the prime factors of 379.
379
What are the prime factors of 475?
5, 19
List the prime factors of 258.
2, 3, 43
What are the prime factors of 9346?
2, 4673
List the prime factors of 1899.
3, 211
List the prime factors of 1845.
3, 5, 41
What are the prime factors of 29236?
2, 7309
List the prime factors of 2708.
2, 677
List the prime factors of 98.
2, 7
List the prime factors of 1347.
3, 449
List the prime factors of 9300.
2, 3, 5, 31
What are the prime factors of 62183?
11, 5653
List the prime factors of 1177.
11, 107
What are the prime factors of 1896?
2, 3, 79
List the prime factors of 20697.
3, 6899
What are the prime factors of 10955?
5, 7, 313
List the prime factors of 357.
3, 7, 17
List the prime factors of 1009.
1009
What are the prime factors of 14544?
2, 3, 101
List the prime factors of 1363.
29, 47
List the prime factors of 6601.
7, 23, 41
List the prime factors of 104389.
139, 751
What are the prime factors of 61112?
2, 7639
What are the prime factors of 3852?
2, 3, 107
What are the prime factors of 800?
2, 5
What are the prime factors of 939?
3, 313
What are the prime factors of 7337?
11, 23, 29
List the prime factors of 5345.
5, 1069
What are the prime factors of 1877?
1877
List the prime factors of 141.
3, 47
What are the prime factors of 805?
5, 7, 23
What are the prime factors of 21619?
13, 1663
What are the prime factors of 27720?
2, 3, 5, 7, 11
What are the prime factors of 23064?
2, 3, 31
What are the prime factors of 8762?
2, 13, 337
List the prime factors of 17980.
2, 5, 29, 31
List the prime factors of 778.
2, 389
What are the prime factors of 23441?
11, 2131
List the prime factors of 62898.
2, 3, 11, 953
What are the prime factors of 5993?
13, 461
List the prime factors of 22999.
109, 211
What are the prime factors of 863?
863
What are the prime factors of 2235?
3, 5, 149
What are the prime factors of 14778?
2, 3, 821
List the prime factors of 17502.
2, 3, 2917
What are the prime factors of 6502?
2, 3251
List the prime factors of 314.
2, 157
What are the prime factors of 1491?
3, 7, 71
What are the prime factors of 6679?
6679
List the prime factors of 6285.
3, 5, 419
List the prime factors of 20.
2, 5
List the prime factors of 19341.
3, 7, 307
List the prime factors of 2405.
5, 13, 37
What are the prime factors of 1379?
7, 197
List the prime factors of 1557.
3, 173
What are the prime factors of 2102?
2, 1051
What are the prime factors of 1008?
2, 3, 7
What are the prime factors of 37517?
37517
What are the prime factors of 330?
2, 3, 5, 11
List the prime factors of 188.
2, 47
List the prime factors of 207.
3, 23
List the prime factors of 16527.
3, 7, 787
List the prime factors of 34937.
7, 23, 31
What are the prime factors of 11323?
13, 67
List the prime factors of 558.
2, 3, 31
What are the prime factors of 1543?
1543
List the prime factors of 1401.
3, 467
What are the prime factors of 3117?
3, 1039
List the prime factors of 11568.
2, 3, 241
List the prime factors of 528.
2, 3, 11
What are the prime factors of 44?
2, 11
What are the prime factors of 24199?
7, 3457
List the prime factors of 82221.
3, 27407
List the prime factors of 36760.
2, 5, 919
List the prime factors of 48861.
3, 61, 89
What are the prime factors of 9922?
2, 11, 41
What are the prime factors of 135134?
2, 67567
What are the prime factors of 11562?
2, 3, 41, 47
List the prime factors of 1064.
2, 7, 19
List the prime factors of 9910.
2, 5, 991
List the prime factors of 34895.
5, 7, 997
List the prime factors of 808.
2, 101
What are the prime factors of 136?
2, 17
What are the prime factors of 2173?
41, 53
List the prime factors of 49509.
3, 5501
What are the prime factors of 7933?
7933
List the prime factors of 206.
2, 103
What are the prime factors of 6885?
3, 5, 17
List the prime factors of 31.
31
List the prime factors of 1073.
29, 37
List the prime factors of 225.
3, 5
What are the prime factors of 1300?
2, 5, 13
What are the prime factors of 3008?
2, 47
What are the prime factors of 1102?
2, 19, 29
List the prime factors of 77290.
2, 5, 59, 131
List the prime factors of 1686.
2, 3, 281
What are the prime factors of 2723?
7, 389
List the prime factors of 29851.
29851
List the prime factors of 1416.
2, 3, 59
What are the prime factors of 16139?
16139
List the prime factors of 1216.
2, 19
What are the prime factors of 333?
3, 37
What are the prime factors of 39540?
2, 3, 5, 659
List the prime factors of 8004.
2, 3, 23, 29
What are the prime factors of 24001?
24001
What are the prime factors of 50726?
2, 13, 1951
What are the prime factors of 48782?
2, 24391
List the prime factors of 77978.
2, 127, 307
What are the prime factors of 47858?
2, 23929
What are the prime factors of 5894?
2, 7, 421
What are the prime factors of 49472?
2, 773
What are the prime factors of 50633?
11, 4603
What are the prime factors of 12612?
2, 3, 1051
List the prime factors of 13457.
13457
What are the prime factors of 70454?
2, 35227
What are the prime factors of 490?
2, 5, 7
List the prime factors of 1849.
43
What are the prime factors of 1517?
37, 41
List the prime factors of 8640.
2, 3, 5
What are the prime factors of 200?
2, 5
List the prime factors of 1330.
2, 5, 7, 19
What are the prime factors of 441?
3, 7
List the prime factors of 72405.
3, 5, 160